he prime factors of 3967?
3967
What are the prime factors of 3575?
5, 11, 13
List the prime factors of 272.
2, 17
List the prime factors of 3912.
2, 3, 163
List the prime factors of 777.
3, 7, 37
What are the prime factors of 1439?
1439
List the prime factors of 10961.
97, 113
What are the prime factors of 75924?
2, 3, 19, 37
List the prime factors of 4700.
2, 5, 47
What are the prime factors of 10040?
2, 5, 251
What are the prime factors of 62660?
2, 5, 13, 241
List the prime factors of 867.
3, 17
What are the prime factors of 4843?
29, 167
List the prime factors of 29743.
7, 607
What are the prime factors of 228?
2, 3, 19
What are the prime factors of 234?
2, 3, 13
What are the prime factors of 2946?
2, 3, 491
What are the prime factors of 7803?
3, 17
What are the prime factors of 65514?
2, 3, 61, 179
What are the prime factors of 52386?
2, 3, 8731
What are the prime factors of 106778?
2, 7, 29, 263
List the prime factors of 34020.
2, 3, 5, 7
List the prime factors of 1604.
2, 401
List the prime factors of 2431.
11, 13, 17
List the prime factors of 1374.
2, 3, 229
List the prime factors of 1939.
7, 277
What are the prime factors of 4903?
4903
List the prime factors of 16214.
2, 11, 67
What are the prime factors of 263?
263
List the prime factors of 11928.
2, 3, 7, 71
List the prime factors of 1269.
3, 47
What are the prime factors of 1379?
7, 197
What are the prime factors of 578?
2, 17
What are the prime factors of 3541?
3541
What are the prime factors of 15633?
3, 193
List the prime factors of 123265.
5, 89, 277
List the prime factors of 24337.
24337
List the prime factors of 142341.
3, 17, 2791
List the prime factors of 5643.
3, 11, 19
List the prime factors of 3971.
11, 19
List the prime factors of 23625.
3, 5, 7
What are the prime factors of 59583?
3, 19861
What are the prime factors of 8332?
2, 2083
List the prime factors of 8109.
3, 17, 53
What are the prime factors of 1880?
2, 5, 47
List the prime factors of 13091.
13, 19, 53
What are the prime factors of 2733?
3, 911
List the prime factors of 79649.
23, 3463
List the prime factors of 498.
2, 3, 83
List the prime factors of 18672.
2, 3, 389
What are the prime factors of 487?
487
What are the prime factors of 2959?
11, 269
What are the prime factors of 541?
541
What are the prime factors of 36285?
3, 5, 41, 59
What are the prime factors of 23960?
2, 5, 599
What are the prime factors of 59103?
3, 11, 199
List the prime factors of 1036.
2, 7, 37
List the prime factors of 2996.
2, 7, 107
What are the prime factors of 37377?
3, 4153
What are the prime factors of 3048?
2, 3, 127
List the prime factors of 9765.
3, 5, 7, 31
What are the prime factors of 453?
3, 151
List the prime factors of 1302.
2, 3, 7, 31
List the prime factors of 42474.
2, 3, 7079
What are the prime factors of 7080?
2, 3, 5, 59
What are the prime factors of 214?
2, 107
List the prime factors of 9075.
3, 5, 11
List the prime factors of 47320.
2, 5, 7, 13
What are the prime factors of 59027?
67, 881
List the prime factors of 1226.
2, 613
What are the prime factors of 3446?
2, 1723
List the prime factors of 3447.
3, 383
What are the prime factors of 7872?
2, 3, 41
What are the prime factors of 221?
13, 17
List the prime factors of 44713.
61, 733
List the prime factors of 39138.
2, 3, 11, 593
List the prime factors of 5404.
2, 7, 193
List the prime factors of 57232.
2, 7, 73
List the prime factors of 6267.
3, 2089
What are the prime factors of 321?
3, 107
List the prime factors of 5894.
2, 7, 421
List the prime factors of 16886.
2, 8443
List the prime factors of 4383.
3, 487
List the prime factors of 9920.
2, 5, 31
List the prime factors of 4837.
7, 691
What are the prime factors of 42579?
3, 19, 83
List the prime factors of 249.
3, 83
What are the prime factors of 59739?
3, 19913
What are the prime factors of 1365?
3, 5, 7, 13
List the prime factors of 72072.
2, 3, 7, 11, 13
What are the prime factors of 1216?
2, 19
List the prime factors of 406.
2, 7, 29
What are the prime factors of 2049?
3, 683
List the prime factors of 12101.
12101
List the prime factors of 1252.
2, 313
What are the prime factors of 2134?
2, 11, 97
What are the prime factors of 165?
3, 5, 11
List the prime factors of 9538.
2, 19, 251
What are the prime factors of 6614?
2, 3307
What are the prime factors of 28648?
2, 3581
List the prime factors of 16121.
7, 47
What are the prime factors of 296?
2, 37
What are the prime factors of 2263?
31, 73
List the prime factors of 1380.
2, 3, 5, 23
What are the prime factors of 404?
2, 101
List the prime factors of 997.
997
What are the prime factors of 603?
3, 67
What are the prime factors of 18509?
83, 223
What are the prime factors of 18852?
2, 3, 1571
List the prime factors of 12783.
3, 4261
What are the prime factors of 63772?
2, 107, 149
What are the prime factors of 9689?
9689
What are the prime factors of 39233?
39233
What are the prime factors of 1030?
2, 5, 103
What are the prime factors of 2076?
2, 3, 173
What are the prime factors of 1010?
2, 5, 101
What are the prime factors of 1100?
2, 5, 11
What are the prime factors of 2361?
3, 787
What are the prime factors of 29226?
2, 3, 4871
What are the prime factors of 8534?
2, 17, 251
List the prime factors of 3003.
3, 7, 11, 13
What are the prime factors of 1032?
2, 3, 43
What are the prime factors of 748?
2, 11, 17
What are the prime factors of 9524?
2, 2381
List the prime factors of 386.
2, 193
List the prime factors of 190344.
2, 3, 7, 11, 103
List the prime factors of 2602.
2, 1301
What are the prime factors of 42218?
2, 11, 19, 101
List the prime factors of 46810.
2, 5, 31, 151
List the prime factors of 5022.
2, 3, 31
What are the prime factors of 60491?
241, 251
What are the prime factors of 105313?
13, 8101
List the prime factors of 547.
547
List the prime factors of 30235.
5, 6047
List the prime factors of 3331.
3331
What are the prime factors of 2104?
2, 263
What are the prime factors of 4703?
4703
What are the prime factors of 1239?
3, 7, 59
List the prime factors of 7450.
2, 5, 149
What are the prime factors of 38594?
2, 23, 839
What are the prime factors of 6625?
5, 53
What are the prime factors of 10673?
13, 821
List the prime factors of 1018.
2, 509
List the prime factors of 1089.
3, 11
What are the prime factors of 1471?
1471
What are the prime factors of 40523?
7, 827
List the prime factors of 4594.
2, 2297
What are the prime factors of 868?
2, 7, 31
List the prime factors of 930.
2, 3, 5, 31
List the prime factors of 10840.
2, 5, 271
List the prime factors of 7913.
41, 193
List the prime factors of 2677.
2677
List the prime factors of 25435.
5, 5087
What are the prime factors of 16?
2
What are the prime factors of 642?
2, 3, 107
List the prime factors of 59963.
61, 983
List the prime factors of 65766.
2, 3, 97, 113
List the prime factors of 61061.
7, 11, 13, 61
List the prime factors of 202.
2, 101
What are the prime factors of 5273?
5273
List the prime factors of 1350.
2, 3, 5
What are the prime factors of 3093?
3, 1031
List the prime factors of 7708.
2, 41, 47
What are the prime factors of 54742?
2, 101, 271
What are the prime factors of 695?
5, 139
What are the prime factors of 2724?
2, 3, 227
What are the prime factors of 7240?
2, 5, 181
List the prime factors of 10319.
17, 607
List the prime factors of 13916.
2, 7, 71
What are the prime factors of 6851?
13, 17, 31
What are the prime factors of 26153?
26153
What are the prime factors of 1039?
1039
List the prime factors of 69496.
2, 7, 17, 73
What are the prime factors of 2762?
2, 1381
List the prime factors of 1126.
2, 563
What are the prime factors of 3146?
2, 11, 13
List the prime factors of 11905.
5, 2381
What are the prime factors of 4792?
2, 599
What are the prime factors of 28318?
2, 14159
What are the prime factors of 1724?
2, 431
List the prime factors of 3704.
2, 463
What are the prime factors of 2021?
43, 47
List the prime factors of 85078.
2, 7, 59, 103
List the prime factors of 51900.
2, 3, 5, 173
What are the prime factors of 1830?
2, 3, 5, 61
List the prime factors of 3961.
17, 233
List the prime factors of 6941.
11, 631
List the prime factors of 15610.
2, 5, 7, 223
What are the prime factors of 22323?
3, 7, 1063
List the prime factors of 69226.
2, 34613
What are the pr